2?
True
Does 327 divide 45691860?
False
Is 1397 a factor of 817851576?
False
Is 3929242086 a multiple of 33?
True
Is 784312183 a multiple of 1962?
False
Is 853584248 a multiple of 11?
True
Is 48909884 a multiple of 82?
True
Is 5440387 a multiple of 2?
False
Is 2304640831 a multiple of 2169?
False
Is 117 a factor of 860316231?
False
Is 7294401 a multiple of 13?
False
Is 15 a factor of 7917?
False
Does 153 divide 170375322?
False
Does 11 divide 18928982?
False
Does 25 divide 93749109?
False
Is 933 a factor of 2542251462?
True
Is 43 a factor of 916450328?
False
Does 22 divide 89525172?
True
Is 19 a factor of 154969894?
False
Is 85469280 a multiple of 30?
True
Is 9775170 a multiple of 4?
False
Does 266 divide 267784594?
True
Is 4 a factor of 37732130?
False
Does 48 divide 77350589?
False
Is 123 a factor of 143798439?
True
Is 493478029 a multiple of 1127?
False
Does 751 divide 101438566?
False
Is 2731458142 a multiple of 660?
False
Is 1504895305 a multiple of 193?
True
Is 11 a factor of 143273034?
False
Is 20604487 a multiple of 19?
False
Is 3 a factor of 13992596?
False
Does 472 divide 148580482?
False
Does 82 divide 1308953730?
False
Is 33 a factor of 80668236?
True
Is 8733435 a multiple of 31?
False
Is 363 a factor of 16680576?
True
Is 166507592 a multiple of 4?
True
Is 12 a factor of 223733478?
False
Is 5475223 a multiple of 2631?
False
Is 1180975771 a multiple of 5?
False
Is 1652546160 a multiple of 48?
True
Does 6 divide 136920306?
True
Is 3322812 a multiple of 12?
True
Is 2879 a factor of 134970399?
True
Does 522 divide 205803561?
False
Does 7490 divide 577576370?
True
Is 22970906 a multiple of 82?
True
Is 1835 a factor of 570969425?
True
Is 37 a factor of 4303775?
False
Is 112740690 a multiple of 10?
True
Is 105122488 a multiple of 5?
False
Is 175865679 a multiple of 2986?
False
Is 218 a factor of 110850822?
False
Is 16410087 a multiple of 801?
True
Is 1905893885 a multiple of 9265?
True
Does 46 divide 1024517722?
False
Is 31 a factor of 78850327?
False
Is 56934649 a multiple of 7?
False
Does 17 divide 18450151?
True
Is 323 a factor of 9765259?
True
Does 15 divide 153759030?
True
Is 303 a factor of 578118062?
False
Is 11 a factor of 2163936324?
True
Is 8727004 a multiple of 38?
True
Does 2021 divide 467801547?
False
Is 3156146408 a multiple of 9666?
False
Is 2474 a factor of 279780810?
False
Is 1106 a factor of 658068546?
False
Is 98757833 a multiple of 404?
False
Is 929912604 a multiple of 107?
True
Is 3752 a factor of 43117984?
True
Is 1316 a factor of 22614334?
False
Does 29 divide 228867952?
False
Is 133727217 a multiple of 89?
True
Is 3504422466 a multiple of 87?
True
Is 277 a factor of 3607618971?
False
Is 393827210 a multiple of 70?
True
Is 2651532498 a multiple of 19?
True
Does 654 divide 11646432?
True
Is 48 a factor of 945097235?
False
Does 464 divide 81920592?
True
Is 999051505 a multiple of 235?
True
Does 34 divide 106936018?
True
Does 25 divide 42187075?
True
Is 1409 a factor of 232620819?
False
Is 15615747 a multiple of 156?
False
Is 57 a factor of 889714318?
False
Is 23702283 a multiple of 25?
False
Is 326 a factor of 33253630?
True
Is 10412 a factor of 2249899539?
False
Is 672304231 a multiple of 335?
False
Is 1802014116 a multiple of 289?
False
Is 3 a factor of 16388577?
True
Is 161 a factor of 7244065?
False
Is 474 a factor of 37343616?
True
Is 17 a factor of 37080230?
True
Is 300930966 a multiple of 4599?
True
Is 41125866 a multiple of 449?
False
Is 3374 a factor of 226257066?
True
Does 67 divide 346967071?
True
Is 11627649 a multiple of 9?
True
Does 31 divide 50311072?
False
Does 884 divide 24613261?
False
Does 18 divide 12829730?
False
Does 286 divide 1355050339?
False
Is 148088422 a multiple of 470?
False
Is 8 a factor of 50535600?
True
Is 107087520 a multiple of 15?
True
Does 125 divide 43579650?
False
Is 2692812 a multiple of 97?
False
Does 354 divide 44354430?
True
Is 15621870 a multiple of 194?
False
Does 9 divide 33305622?
False
Is 40 a factor of 1324497320?
True
Is 22694253 a multiple of 1072?
False
Does 816 divide 30086743?
False
Does 11243 divide 1627854472?
False
Is 302 a factor of 1568096?
False
Does 61 divide 22590052?
False
Is 24929240 a multiple of 516?
False
Does 2068 divide 256369960?
True
Is 177210060 a multiple of 12?
True
Does 11 divide 3483062?
True
Does 4672 divide 143743511?
False
Is 447876226 a multiple of 14?
True
Is 811 a factor of 351510919?
True
Does 14 divide 3546638872?
True
Is 4330532 a multiple of 457?
True
Is 130 a factor of 199142840?
True
Is 603797665 a multiple of 785?
True
Is 1189197714 a multiple of 8?
False
Is 220 a factor of 155547167?
False
Is 54997786 a multiple of 107?
True
Does 441 divide 8182543?
False
Is 299 a factor of 559315010?
False
Is 38 a factor of 84460624?
True
Is 2725175 a multiple of 5?
True
Is 9 a factor of 98594515?
False
Is 1067559339 a multiple of 32?
False
Is 1267904371 a multiple of 10?
False
Does 48 divide 513897?
False
Does 59 divide 6356001?
False
Is 34 a factor of 11188531?
False
Does 1704 divide 555630096?
True
Is 2 a factor of 272712575?
False
Is 34 a factor of 2935174916?
True
Is 118 a factor of 787812821?
False
Is 129648878 a multiple of 1749?
False
Is 2738 a factor of 416044576?
True
Is 2480 a factor of 131580922?
False
Is 118 a factor of 7496776327?
False
Is 19057054 a multiple of 51?
False
Is 437 a factor of 5243385694?
False
Is 397 a factor of 6897264759?
False
Is 96609072 a multiple of 42?
True
Does 1173 divide 578940542?
False
Is 1937415 a multiple of 558?
False
Does 11 divide 45378597?
True
Does 37 divide 34594869?
False
Does 1729 divide 288357433?
True
Is 10017114 a multiple of 11?
False
Is 3934 a factor of 380004730?
True
Is 16967208 a multiple of 212?
True
Is 43932178 a multiple of 103?
True
Does 33 divide 99312741?
True
Is 328461804 a multiple of 22?
True
Is 19 a factor of 7813835?
False
Does 495 divide 91060777?
False
Is 3564 a factor of 11586564?
True
Is 138438666 a multiple of 1366?
False
Is 16 a factor of 27849659?
False
Does 101 divide 556717151?
True
Does 18 divide 5612158602?
True
Is 527 a factor of 911356021?
False
Is 13416816 a multiple of 876?
True
Does 830 divide 205272280?
True
Is 174 a factor of 19949912?
False
Is 3077057904 a multiple of 912?
True
Is 128769590 a multiple of 2430?
False
Is 1433 a factor of 80610010?
False
Does 72 divide 48240432?
True
Is 1313955724 a multiple of 30?
False
Is 67150712 a multiple of 1595?
False
Does 1468 divide 2489771620?
False
Does 1982 divide 3979623900?
False
Is 54874278 a multiple of 86?
True
Is 67909058 a multiple of 14?
True
Does 392 divide 324626176?
True
Does 1179 divide 1324928367?
True
Does 92 divide 137768620?
True
Is 772 a factor of 57709316?
True
Is 59 a factor of 26208449?
True
Is 37268270 a multiple of 2026?
True
Is 108109900 a multiple of 1193?
False
Is 211 a factor of 668659633?
True
Is 8567 a factor of 1736393828?
True
Does 6 divide 25265316?
True
Is 1880753100 a multiple of 5545?
True
Is 961 a factor of 469478900?
False
Does 1694 divide 1110428858?
True
Is 10 a factor of 98153670?
True
Does 40 divide 2028471440?
True
Does 2835 divide 380044767?
False
Does 566 divide 84176652?
True
Is 8 a factor of 6829368?
True
Is 84184766 a multiple of 490?
False
Does 416 divide 220870208?
True
Is 123349777 a multiple of 1252?
False
Is 2443004 a multiple of 500?
False
Is 493 a factor of 240364122?
True
Does 29 divide 4566814556?
True
Does 53 divide 58761471?
True
Is 212007920 a multiple of 3644?
True
Is 17258248 a multiple of 56?
True
Is 1777 a factor of 32883241?
False
Is 1140761880 a multiple of 51?
True
Does 11 divide 756599000?
False
Is 1079 a factor of 20896919?
False
Does 11 divide 221660353?
False
Is 41580054 a multiple of 381?
True
Is 5231483 a multiple of 667?
False
Does 29 divide 3512886?
True
Is 24277000 a multiple of 125?
True
Is 530 a factor of 206844690?
True
Is 423945887 a multiple of 22?
False
Does 4 divide 9596447?
False
Does 2851 divide 53642023?
False
Does 162 divide 92234981?
False
Does 7 divide 1730995?
True
Is 2424 a factor of 1018792656?
True
Is 133557333 a multiple of 3653?
True
Does 418 divide 181462666?
False
Does 68 divide 56564372?
True
Is 45168821 a multiple of 11?
False
Does 5137 divide 372458185?
True
Is 60599476 a multiple of 196?
True
Does 1237 divide 2520